ivided by 21.
19
Let z be (-6)/(1 - 13/10). Let h = -13 + z. What is the remainder when 25 is divided by h?
4
Suppose 0 = 5*u - 20 - 35. Let v(o) = -o**2 + 11*o. What is the remainder when v(6) is divided by u?
8
Let q(r) = r**2 - r - 4. Suppose -5*b + 0 = 15. What is the remainder when 28 is divided by q(b)?
4
Suppose -38 - 26 = -p. Let t(f) = f**3 + 7*f**2 - 2*f + 8. What is the remainder when p is divided by t(-7)?
20
Let j(u) = 15*u. Let b(g) = -g**2 - 8*g - 10. Calculate the remainder when j(1) is divided by b(-4).
3
Let w(s) = -46*s + 1. Let h be (0 + 12)*2/(-4). Let t be (3/h)/((-2)/(-4)). Calculate the remainder when w(t) is divided by 16.
15
Suppose 0 = 5*r - 2*r + 45. Let u = r - -8. Let i = -3 - u. Calculate the remainder when 6 is divided by i.
2
Let m = 5 - -4. Suppose -4*x + m = -23. What is the remainder when 15 is divided by x?
7
Suppose 47 = u - 4*l, l + 20 = u - 24. Let w(o) = 2*o + 3. What is the remainder when u is divided by w(4)?
10
Suppose -l = 2*p + 3*l + 6, -2*l = 6. Suppose 2*t - p*t = -120. Suppose -s - 5*k = -26, 6*s - t = 2*s - 4*k. Calculate the remainder when s is divided by 16.
15
Suppose 2*l + 3*d + 2 + 45 = 0, 4*d = -5*l - 135. Let z = l + 45. What is the remainder when 54 is divided by z?
12
Let b = 5 - 3. What is the remainder when -6*(-1)/b + 5 is divided by 3?
2
Let k = 17 + -10. Suppose -10 = -2*z - 2. Suppose 48 = z*v - 0. Calculate the remainder when v is divided by k.
5
Suppose -3*l - 2*l = 3*m + 4, 0 = m - 4*l - 10. Suppose m + 1 = k. Suppose 50 = 3*d + 3*f + 5, -k*f = 5*d - 65. What is the remainder when 39 is divided by d?
9
Suppose -3*i + 613 = -47. Suppose f = -3*f + i. What is the remainder when f is divided by 14?
13
Suppose k + 9*h = 5*h + 97, 2*k + h - 194 = 0. What is the remainder when k is divided by 33?
31
Let g = -2 - -10. What is the remainder when (46/4)/((-2)/(16/(-4))) is divided by g?
7
Suppose 3*r - l = 41, -5*r + 2*l + 87 = 18. What is the remainder when 48 is divided by r?
9
Let c(u) = -7*u - 4. Calculate the remainder when 17 is divided by c(-2).
7
Calculate the remainder when ((-2)/5)/(2/(-300)) is divided by 31.
29
Suppose 3*t = 3*r + 117, 4*t - 51 = 5*r + 109. What is the remainder when 69 is divided by t?
34
Let f = -1 - -9. Let o be (4/(-5))/((-2)/10). Suppose 4*i - 3*h - 81 = 0, 3*h = o*i - f*i + 63. Calculate the remainder when i is divided by 10.
8
What is the remainder when 70 is divided by (-4)/6*(-4 + (-42)/3)?
10
What is the remainder when 93 is divided by 1 - (3 - (-2 - -28))?
21
Suppose 7*f = 6*f + 76. What is the remainder when f is divided by 26?
24
Let u(r) = 3*r**3 - 4*r**2 + 3*r + 4. Suppose 2*v + 4*z = 3*v - 20, 5*v - 5*z - 70 = 0. Calculate the remainder when u(3) is divided by v.
10
Let u = -2 + 15. What is the remainder when u is divided by 88/20 + (-2)/5?
1
Suppose -52 = -4*d - 20. Let n = -2 - -5. Suppose 0*k - 36 = -4*k + 4*b, 0 = 3*k + n*b - 57. What is the remainder when k is divided by d?
6
Suppose -2*m + 15 = m. What is the remainder when 18 is divided by m?
3
Let c be (-1)/(-4) - (-99)/(-12). Let w = -4 + 6. What is the remainder when 0 + (-1)/(2/c) is divided by w?
0
Suppose v + 2*p - 5 = 0, -2*p - 20 = -4*v + p. Suppose v*w - 8*w + 51 = 0. What is the remainder when 49 is divided by w?
15
Suppose 8*d = 3*d. Suppose -2*u + u + 33 = -4*r, -5*r - 20 = d. Calculate the remainder when u is divided by 9.
8
Calculate the remainder when 54 is divided by (-28)/(-2)*(-3 + 72/16).
12
Let n be -2*9/(-24)*8. Let m = 13 - 7. What is the remainder when -1 + 12*n/4 is divided by m?
5
Suppose 4*d + 20 - 56 = 0. Suppose 0 = 2*x - 1 - d. Let u(q) = -4*q - 2. What is the remainder when u(-4) is divided by x?
4
Suppose 3*b + 4*g = 20, 0 = 4*b - 10*g + 13*g - 29. Calculate the remainder when 46 is divided by b.
6
Let x = -7 + -6. Let w = x + 22. Suppose -4*l - 2*o + 146 = 2, 106 = 3*l + o. What is the remainder when l is divided by w?
7
Suppose 3*y - 56 + 8 = 0. Calculate the remainder when y is divided by 4.
0
Suppose -3 = 37*b - 40*b. What is the remainder when b is divided by 1?
0
Suppose h + 0*h = 54. Calculate the remainder when 106 is divided by h.
52
Suppose 4 - 2 = h. Calculate the remainder when 42 is divided by (0 + h)*(-22)/(-4).
9
Let f be (-3 + 3)*2/2. Suppose f = 2*i - 2 - 2. Suppose i*v + 3*v - q = 127, -v = q - 29. Calculate the remainder when v is divided by 9.
8
Suppose 2*n + 0*n - 64 = 3*d, 0 = -5*n - 4*d + 114. Calculate the remainder when 75 is divided by n.
23
Let k = 4 - 2. Let f(m) be the second derivative of m**3/6 + 3*m**2 + 5*m. What is the remainder when k is divided by f(-5)?
0
What is the remainder when 176/33*3/2 is divided by 0 + 2 - (-2 - -1)?
2
Suppose 3*m - 23 - 9 = 5*g, -5*m + 2*g = -85. Calculate the remainder when 56 is divided by m.
18
Suppose -m + 73 = -5*f + 9, 200 = 5*m + 5*f. Let v = 78 - m. Calculate the remainder when v is divided by 9.
7
Let f(h) = -19*h - 1. Let n be f(-3). Suppose -2*r + 2*z = -n, 6*r + 2*z = r + 105. Let u = 30 + -24. What is the remainder when r is divided by u?
5
Suppose -48 - 33 = -3*b. Suppose -5*q - b = -8*q. What is the remainder when 1*34 - 0/1 is divided by q?
7
What is the remainder when 22 is divided by (-196)/(-24) + (-2)/12?
6
Suppose -5*u + u - 10 = -o, 2*o - u = 6. Suppose -5*l = -3*k + 177 + 163, 0 = -o*k - 2*l + 200. Let g = k - 59. Calculate the remainder when g is divided by 16.
14
Let u = 15 - 11. Let j = -4 - u. Let r(o) = o**3 + 8*o**2 + 8. What is the remainder when 14 is divided by r(j)?
6
Let j be (-140)/(-63) + (-2)/9. What is the remainder when 19 is divided by -2*(15/(-2) + j)?
8
Suppose 5*r - 4*d - 49 = -11, -4*d = -2*r + 8. Suppose m + 111 = 4*m. Let f = -20 + m. Calculate the remainder when f is divided by r.
7
Let c(s) = -s**3 - 2*s**2 + 4*s + 2. Let y be c(-3). Let f = -121 + 101. What is the remainder when 39 is divided by 2/y*f/4?
9
Calculate the remainder when 33 is divided by 2*5 + (-13 - -15).
9
Let p = -16 - -8. Let s = 21 + p. Suppose -5*d = -5*b + 15, 4*b - d = -6*d + 30. Calculate the remainder when s is divided by b.
3
Let n(u) = -7*u**2 - 3 - 2*u + 0 + 8*u**2. Calculate the remainder when 62 is divided by n(6).
20
Suppose -3*n + 5*n + 142 = 0. Let t = -50 - n. Calculate the remainder when 82 is divided by t.
19
Let y be ((-3)/(-6))/(1/36). What is the remainder when y/12*136/6 is divided by 12?
10
Let a = -89 - -94. Suppose w = -4*w + 10. Suppose -w*b = -3*k + 3*b + 27, 53 = 4*k - b. Calculate the remainder when k is divided by a.
4
Let j(g) = g**2 + 13*g - 6. What is the remainder when 14 is divided by j(-14)?
6
Suppose -b = 2*b - 2*x - 100, -5*b + 172 = 2*x. What is the remainder when b is divided by 12?
10
Suppose 3*t - 15 = 12. Calculate the remainder when 30 is divided by t.
3
Let h(u) = 9*u**3 - u**2 + 2*u - 2. Calculate the remainder when h(2) is divided by 54/4*(-40)/(-30).
16
Suppose -5*b - 10 = -0*b. Calculate the remainder when 7 is divided by (0 - (b + -1)) + 1.
3
Let p = 9 - -37. Suppose t + 13 + 1 = 0. Let l = 2 - t. Calculate the remainder when p is divided by l.
14
Suppose 71 = 4*j - 529. What is the remainder when j is divided by 22?
18
Let r be 0/(-4) + 1*8. Let y = 15 - r. Let u(z) = -3*z**3 - z**2 + 3*z - 2. Calculate the remainder when u(-2) is divided by y.
5
Suppose 0 = -2*o - 2, 0*w = -3*w + 5*o - 22. Let m(h) = -5*h - 9. Calculate the remainder when m(w) is divided by 13.
10
Let p(a) = -3*a**3 - 3*a**2 - a - 1. Calculate the remainder when 46 is divided by p(-2).
7
Let q be (-3)/6 - 2/(-4). Suppose -k = -q*k - 56. What is the remainder when k is divided by 19?
18
Suppose 0*p + 4*v - 52 = -p, 6 = -2*v. Suppose -3*l + 10 = 4*y - 90, -5*y = -3*l + p. What is the remainder when l is divided by 0 + 1 - (1 - 10)?
8
Let c(d) = -17*d**2 + 4*d**3 + 9*d**2 + 9*d**2. Calculate the remainder when c(1) is divided by 4.
1
Let k(r) = -r - 2. Let d be k(-6). Suppose 0 = -2*j - y + 104, d*y + 52 = j - y. Calculate the remainder when j is divided by 18.
16
Let p = 12 + 11. Suppose 0 = -x - 5*n + 90, 7 = 5*x + 3*n - 443. What is the remainder when x is divided by p?
21
Let p(b) = b**2 + 9*b - 16. Suppose 3*c - 5*c - 3*o + 40 = 0, 3*o - 86 = -4*c. Calculate the remainder when c is divided by p(-11).
5
Calculate the remainder when 20/(4 + 6/(-2)) is div